actors of 129.
3, 43
List the prime factors of 77320.
2, 5, 1933
What are the prime factors of 17763?
3, 31, 191
What are the prime factors of 8384?
2, 131
What are the prime factors of 116487?
3, 7, 43
List the prime factors of 547.
547
What are the prime factors of 7672?
2, 7, 137
What are the prime factors of 4666?
2, 2333
What are the prime factors of 5469?
3, 1823
What are the prime factors of 33162?
2, 3, 5527
List the prime factors of 1918.
2, 7, 137
What are the prime factors of 3099?
3, 1033
What are the prime factors of 442?
2, 13, 17
List the prime factors of 4092.
2, 3, 11, 31
What are the prime factors of 56177?
11, 5107
List the prime factors of 343.
7
List the prime factors of 61877.
43, 1439
What are the prime factors of 1679?
23, 73
List the prime factors of 1554.
2, 3, 7, 37
What are the prime factors of 21258?
2, 3, 1181
What are the prime factors of 76983?
3, 67, 383
What are the prime factors of 869?
11, 79
List the prime factors of 30395.
5, 6079
List the prime factors of 34597.
29, 1193
What are the prime factors of 2332?
2, 11, 53
What are the prime factors of 14203?
7, 2029
What are the prime factors of 648?
2, 3
List the prime factors of 2712.
2, 3, 113
List the prime factors of 76693.
271, 283
List the prime factors of 356.
2, 89
List the prime factors of 14394.
2, 3, 2399
List the prime factors of 64000.
2, 5
List the prime factors of 6763.
6763
List the prime factors of 1789.
1789
List the prime factors of 907.
907
What are the prime factors of 25179?
3, 7, 11, 109
What are the prime factors of 209?
11, 19
What are the prime factors of 10189?
23, 443
List the prime factors of 2611.
7, 373
What are the prime factors of 94374?
2, 3, 7, 107
What are the prime factors of 831?
3, 277
What are the prime factors of 4021?
4021
List the prime factors of 1131.
3, 13, 29
List the prime factors of 133579.
31, 139
What are the prime factors of 2035?
5, 11, 37
List the prime factors of 1627.
1627
List the prime factors of 1221.
3, 11, 37
What are the prime factors of 2618?
2, 7, 11, 17
List the prime factors of 322.
2, 7, 23
List the prime factors of 54253.
227, 239
List the prime factors of 44743.
101, 443
What are the prime factors of 22645?
5, 7, 647
List the prime factors of 1034.
2, 11, 47
List the prime factors of 991.
991
What are the prime factors of 19816?
2, 2477
List the prime factors of 960.
2, 3, 5
What are the prime factors of 584?
2, 73
List the prime factors of 9987.
3, 3329
What are the prime factors of 2460?
2, 3, 5, 41
What are the prime factors of 1508?
2, 13, 29
What are the prime factors of 50961?
3, 16987
What are the prime factors of 43050?
2, 3, 5, 7, 41
List the prime factors of 1724.
2, 431
What are the prime factors of 1645?
5, 7, 47
List the prime factors of 4080.
2, 3, 5, 17
What are the prime factors of 3321?
3, 41
What are the prime factors of 78303?
3, 43, 607
List the prime factors of 9239.
9239
What are the prime factors of 67813?
17, 3989
List the prime factors of 167455.
5, 107, 313
What are the prime factors of 10?
2, 5
What are the prime factors of 259?
7, 37
List the prime factors of 1579.
1579
What are the prime factors of 2968?
2, 7, 53
What are the prime factors of 13916?
2, 7, 71
What are the prime factors of 1214?
2, 607
What are the prime factors of 3731?
7, 13, 41
List the prime factors of 11063.
13, 23, 37
What are the prime factors of 1201?
1201
List the prime factors of 34361.
34361
What are the prime factors of 6511?
17, 383
List the prime factors of 779.
19, 41
List the prime factors of 20009.
11, 17, 107
What are the prime factors of 8547?
3, 7, 11, 37
What are the prime factors of 4669?
7, 23, 29
List the prime factors of 27619.
71, 389
List the prime factors of 53311.
89, 599
What are the prime factors of 3311?
7, 11, 43
List the prime factors of 163950.
2, 3, 5, 1093
What are the prime factors of 3015?
3, 5, 67
What are the prime factors of 18011?
7, 31, 83
What are the prime factors of 25312?
2, 7, 113
List the prime factors of 659.
659
List the prime factors of 59917.
11, 13, 419
List the prime factors of 358.
2, 179
List the prime factors of 30994.
2, 15497
What are the prime factors of 153?
3, 17
What are the prime factors of 2049?
3, 683
List the prime factors of 405.
3, 5
What are the prime factors of 49880?
2, 5, 29, 43
List the prime factors of 909.
3, 101
List the prime factors of 806.
2, 13, 31
List the prime factors of 104127.
3, 61, 569
List the prime factors of 24534.
2, 3, 29, 47
What are the prime factors of 841?
29
What are the prime factors of 170?
2, 5, 17
List the prime factors of 764.
2, 191
List the prime factors of 807.
3, 269
What are the prime factors of 51988?
2, 41, 317
List the prime factors of 964.
2, 241
List the prime factors of 7466.
2, 3733
What are the prime factors of 3920?
2, 5, 7
List the prime factors of 6286.
2, 7, 449
What are the prime factors of 23321?
23321
What are the prime factors of 46058?
2, 23029
List the prime factors of 451.
11, 41
What are the prime factors of 7670?
2, 5, 13, 59
What are the prime factors of 11902?
2, 11, 541
What are the prime factors of 2011?
2011
List the prime factors of 96774.
2, 3, 127
What are the prime factors of 1079?
13, 83
List the prime factors of 301.
7, 43
List the prime factors of 63.
3, 7
List the prime factors of 3177.
3, 353
List the prime factors of 15522.
2, 3, 13, 199
What are the prime factors of 6275?
5, 251
What are the prime factors of 7281?
3, 809
What are the prime factors of 12011?
12011
List the prime factors of 3914.
2, 19, 103
What are the prime factors of 1568?
2, 7
List the prime factors of 1695.
3, 5, 113
List the prime factors of 42670.
2, 5, 17, 251
What are the prime factors of 2411?
2411
What are the prime factors of 5999?
7, 857
List the prime factors of 1832.
2, 229
List the prime factors of 822.
2, 3, 137
What are the prime factors of 1506?
2, 3, 251
What are the prime factors of 14920?
2, 5, 373
List the prime factors of 2375.
5, 19
What are the prime factors of 10386?
2, 3, 577
List the prime factors of 18076.
2, 4519
What are the prime factors of 3359?
3359
List the prime factors of 17248.
2, 7, 11
What are the prime factors of 65435?
5, 23, 569
List the prime factors of 17253.
3, 71
What are the prime factors of 83801?
47, 1783
List the prime factors of 93081.
3, 19, 23, 71
List the prime factors of 101.
101
List the prime factors of 5532.
2, 3, 461
List the prime factors of 2240.
2, 5, 7
List the prime factors of 29668.
2, 7417
List the prime factors of 14679.
3, 7, 233
List the prime factors of 28895.
5, 5779
What are the prime factors of 651?
3, 7, 31
List the prime factors of 4811.
17, 283
List the prime factors of 2872.
2, 359
What are the prime factors of 270?
2, 3, 5
List the prime factors of 984.
2, 3, 41
List the prime factors of 141.
3, 47
List the prime factors of 2638.
2, 1319
List the prime factors of 51404.
2, 71, 181
List the prime factors of 23054.
2, 11527
What are the prime factors of 145?
5, 29
What are the prime factors of 10942?
2, 5471
What are the prime factors of 492?
2, 3, 41
What are the prime factors of 7873?
7873
List the prime factors of 2804.
2, 701
What are the prime factors of 490?
2, 5, 7
What are the prime factors of 6441?
3, 19, 113
What are the prime factors of 46429?
29, 1601
What are the prime factors of 539?
7, 11
List the prime factors of 40760.
2, 5, 1019
What are the prime factors of 25815?
3, 5, 1721
What are the prime factors of 971?
971
List the prime factors of 1665.
3, 5, 37
List the prime factors of 881.
881
What are the prime factors of 2327?
13, 179
What are the prime factors of 157?
157
What are the prime factors of 13282?
2, 29, 229
What are the prime factors of 132?
2, 3, 11
What are the prime factors of 10213?
7, 1459
List the prime factors of 13184.
2, 103
What are the prime factors of 7793?
7793
List the prime factors of 44585.
5, 37, 241
List the prime factors of 892.
2, 223
List the prime factors of 2177.
7, 311
List the prime factors of 1512.
2, 3, 7
List the prime factors of 2086.
2, 7, 149
What are the prime factors of 6629?
7, 947
List the prime factors of 7784.
2, 7, 139
List the prime factors of 1435.
5, 7, 41
List the prime factors of 37491.
3, 12497
List the prime factors of 7625.
5, 61
What a